g) = 4*g - 166. Let d(v) be the first derivative of -2*v**2 + 167*v - 8. Let m(u) = -5*d(u) - 6*s(u). Is m(0) prime?
False
Let o = -103 - -105. Suppose -5*g = 5*t - 36739 - 13631, o*t - 20142 = 4*g. Is t prime?
False
Suppose -r - 13 = -5*a + 7, r = -2*a + 1. Suppose -1780 = -5*b - a*i + 694, 5*i - 1494 = -3*b. Is b a prime number?
False
Suppose 0 = 2*a + 3*q - 140, -5*a + 0*a = 5*q - 360. Suppose -2*r = -a - 50. Is (74/6)/(21/r) a composite number?
False
Suppose 2*m - d - 66673 = 0, -3*d = d - 20. Suppose g + 3*v - 8622 = 2491, 3*g + v = m. Is g composite?
False
Is (-5)/1 + 16*52557/12 a prime number?
False
Suppose -r = 4*f - 54, -6*r + 7*r - 4*f = 22. Suppose 1070459 = r*i + 101345. Is i prime?
False
Let d be ((102/(-12))/(-17))/((-1)/(-570)). Suppose -284*c = -d*c + 2543. Is c a composite number?
False
Suppose -106624 = -2*v + 67878. Is v composite?
False
Let f be 4461 - (1 - -1*(-12)/(-3)). Let o = 9925 - f. Is o composite?
True
Suppose 4*k = 4*x + 1093 + 7927, 0 = k - 5*x - 2263. Suppose -173*b + k = -170*b. Is b prime?
True
Let f be 4/(-12)*-6 - -134. Suppose 0 = -f*y + 133*y. Suppose y*l - 10*l = -4430. Is l composite?
False
Let g be 3/18*2 + (-229632)/(-9). Suppose -q + 34000 = 4*y, 12*y + g = 15*y - 3*q. Is y prime?
True
Suppose 13*f = 3*f + 30. Is (2/f)/(14/88221) a composite number?
False
Suppose 9*d - 92 = 52. Suppose 0 = -d*m + 37*m - 41433. Is m prime?
True
Suppose -5*z - 5*x = -27490, 4*x + 11050 = -7848*z + 7850*z. Is z a composite number?
False
Suppose -4026693 = -1898*j + 1887*j. Is j composite?
True
Let n(p) = 65*p**2 - 2*p + 1. Let c be -5*2/(-10)*1. Let s(u) = u - 1. Let w(z) = c*n(z) + 4*s(z). Is w(-2) a prime number?
False
Let q be (-4 - (-281)/1)/((-10)/20). Suppose 2*g + 2*g + 2*m = -3546, -2*g - 1761 = -3*m. Let t = q - g. Is t a composite number?
False
Let l = 593 - -578. Is l composite?
False
Is -1*(-8081)/1*90400/800 composite?
True
Let j(b) = 105*b**2 + 260*b + 68. Is j(25) composite?
True
Let s = 110821 - 67560. Is s prime?
True
Let t = 31 + -21. Let x = 547 - t. Suppose -2*k - u + x = 2*u, 3*u = 5*k - 1332. Is k a prime number?
False
Suppose -4*y = 5*m - 138668, 0 = 2*y + 23*m - 19*m - 69334. Let d = 77878 - y. Is d a prime number?
False
Let k be ((-45)/12)/(3/(-4)). Suppose -2582 = k*r - 16417. Is r prime?
True
Suppose -67*v + 47*v - 3421181 = -43*v. Is v a composite number?
False
Let x(q) = 1293*q + 2918. Is x(63) composite?
False
Suppose -2379656 = -7*j - 9*j + 8*j. Is j a composite number?
False
Suppose 10*f - 56 = 9*f. Let t be 820/8*f/10. Is (1*t)/(10/((-30)/(-6))) prime?
False
Suppose -173775 + 19425 = -9*x. Suppose 5*s - x = 5*o, -2*o + 4*o = -3*s + 10305. Is s a composite number?
False
Suppose -81 = -14*p + 5*p. Suppose -p*w - 120 = -w. Let v(c) = 8*c**2 - 7*c - 4. Is v(w) prime?
True
Suppose 4*i + 5*k = 451365, k + 189580 = 5*i - 374590. Is i prime?
False
Let z(w) = 28*w - 57. Let o be 20/(-80) - 9/(-4). Let j be (-1)/(0/(-9) + o/(-22)). Is z(j) a prime number?
True
Let k(q) = 838*q**2 - 15*q - 5. Let w be k(-6). Is ((-4)/8)/(-1 - w/(-30254)) prime?
False
Suppose -2*u = 4*o - 12306, -9271 - 21480 = -5*u + 4*o. Suppose 1376 + 8885 = 5*b + q, 3*b + 2*q = u. Is b prime?
True
Let g(t) = -t**2 - 10*t - 30. Let i be g(-5). Let x be (-1 - i)*2983 + 0/20. Suppose x = 70*n - 66*n. Is n a prime number?
False
Let i be 3 - (9 + -9)/8. Suppose -i*y + 7277 = -2*p, 5*y - 7267 = 2*y + 4*p. Is y prime?
False
Suppose -166624 = -3*d - b + 368255, -4*d = -2*b - 713152. Is d a composite number?
True
Let p(k) = -2*k**3 + k**2 - 2*k - 1. Let l(m) = 3*m**3 - 4*m**2 - m - 15. Let s(r) = -l(r) - 2*p(r). Let a be 5 + 3 + 1*-1. Is s(a) prime?
False
Let g be (-16 - -22)*(2/(-4) - -1). Suppose -o = 2*j - j, g*o - 4*j = 0. Suppose u = 2*b - o*b + 385, -3*b = -4*u + 1565. Is u a prime number?
False
Suppose 5*r - 5*y = 14 - 4, -5*y = -4*r + 6. Suppose 1 = -h + r. Is (1011/(-6))/(h/(-6)) a composite number?
False
Let v(c) = 2*c**2 + 12*c - 54. Let u be v(-9). Suppose u = -0*q + 2*q - 4, -3*i + 26421 = -3*q. Is i composite?
True
Is 20/330 + (-262)/(-33) - -1359827 a prime number?
False
Suppose 5624 = -0*h - 4*h + p + 53820, 0 = 5*p. Is h a composite number?
False
Suppose 665454 = -29*n + 737020 + 3971469. Is n a composite number?
True
Let p = -5160 + 26927. Is p prime?
True
Let b be 17263/5 - (14/(-35) - 0). Let j = -1874 + b. Is j prime?
True
Let x(d) = -18*d**3 - 12*d**2 + d + 11. Let n(p) = -p**2 - p + 1. Let c(k) = -4*n(k) + x(k). Let y(g) = g**2 - 9*g + 10. Let i be y(7). Is c(i) prime?
False
Let f(m) = -m + 3*m + 2*m - 3*m + 13. Let r be f(-8). Suppose -4*a = r*a - 5283. Is a a composite number?
False
Let m(r) = -r**3 - 12*r**2 - 32*r + 58. Suppose 4*w - 5*a - 36 = -156, -w = 2*a + 17. Is m(w) a prime number?
False
Let v = -68 + 70. Suppose -5*t = -5*f + 135, -v*t = 4*f - f + 54. Is (12/t*321)/(2/(-3)) a composite number?
True
Let q(w) = -w**2 - 14*w - 2. Let p be q(-14). Let f be p/30*-51 + 3/5. Let b(n) = 129*n - 19. Is b(f) prime?
False
Let i be ((-14)/(-63))/(2/18). Suppose i*m + 5*v + 54 = 160, -m - v = -53. Is m composite?
False
Let y(l) = -4*l**3 + 6*l**2 + 3*l + 1. Let q be y(5). Suppose -4*f = -2*f - 1734. Let m = q + f. Is m a composite number?
True
Let b be 3*(-36)/15*-35. Let h = 809 - b. Is h composite?
False
Suppose -171 + 17 = -22*b. Let s(g) = 91*g**2 + 8*g - 16. Is s(b) a composite number?
True
Let k(v) be the second derivative of -2/3*v**4 - 1/6*v**3 + 0 + 4*v + 13/2*v**2 - 3/20*v**5. Is k(-6) composite?
False
Suppose 52*s = 51*s - 207. Let w = 446 + s. Is w a composite number?
False
Let i(v) = -6*v + 125. Let u be i(20). Let o(b) = -278*b + 20. Let r be o(-12). Suppose u*j - j = r. Is j a composite number?
False
Let v(c) = 29*c - 36. Let s be v(-22). Let i = s + 1167. Suppose -5*r + i = 2*w, 3*w + r = -4*r + 732. Is w prime?
True
Suppose -2*d + 2*j + 2*j + 3144 = 0, -4*j + 4 = 0. Suppose -3*m = -5*m + d. Is m a prime number?
True
Let x = -21275 + 85214. Is x prime?
False
Let z be (-3)/30 - 3801/(-210). Let u(x) = 147*x + 55. Is u(z) composite?
True
Let y = 339789 - 227986. Is y prime?
False
Suppose -2*a = 3*a + 31185. Let l be 2 - a - (-2)/((-8)/12). Suppose -2*k + 3*k + l = 4*s, -k - 1559 = -s. Is s prime?
True
Is 19*24/2736*957342 a composite number?
True
Let x(f) = 10*f**3 - 6*f**2 - 18*f - 36. Let n be x(9). Is n + 3*(-42)/18 composite?
False
Suppose r - 10*r = -18. Suppose -r*y = -5*g + 6344 + 9021, 0 = -4*g - y + 12292. Is g a composite number?
True
Suppose 57*n - 51*n - 90 = 0. Suppose -3103 = -n*y + 4712. Is y a composite number?
False
Let a = 8949 - 5362. Is a a prime number?
False
Suppose -58*p = -59*p - 7747. Let i = p + 11390. Is i a composite number?
False
Let i(a) = -6*a + 27. Let o be i(8). Let x = o + -411. Is (-6)/18*3 - x a prime number?
True
Suppose 0 = 4*r - 3*f - 9246, -3607 - 3342 = -3*r - 5*f. Suppose 2*a = -4, -5*a = -5*d - a + r. Suppose -5*t + d = 106. Is t composite?
False
Let i(n) = -14*n**3 - 18*n**2 - 27*n - 40. Let t(s) = 5*s**3 + 6*s**2 + 9*s + 13. Suppose -12 = -2*b - b. Let c(r) = b*i(r) + 11*t(r). Is c(-7) prime?
False
Let l = 202244 - 90045. Is l prime?
True
Let g(w) = 693*w + 886. Is g(47) prime?
True
Is (-150)/36 + 4 - 6/((-36)/330439) prime?
True
Suppose -384907 - 1165490 = -5*h + 2*c, -h + c + 310077 = 0. Is h composite?
False
Let p(y) = 328*y**2 + 35*y - 85. Is p(-20) a prime number?
False
Let o be (19 + (0 - 0))/(0 + -1). Let h(w) = 2*w**3 + 42*w**2 + 49*w + 44. Is h(o) composite?
False
Suppose 0 = 3*r - 104 + 98. Suppose 5*f + z = 749, 3*f - 3*z = -r*f + 733. Is f composite?
False
Let w be -26*(-85)/10 - -3. Let k = w - -263. Suppose -1366 = -3*y - k. Is y a composite number?
False
Let x = 375409 - 177740. Is x prime?
False
Suppose -5*q + 18 = p, 5*q = 4*p + 5 - 2. Suppose -q*o = -17 + 29. Is ((-14)/(-21))/(o/(-798)) prime?
False
Suppose 4*i - 161785 = 4*h + 225911, -5*h = 35. Is i a composite number?
True
Suppose 224982 = 588*r - 570*r. Is r a composite number?
True
Let x = 24 + -18. Let a(n) = -9*n**3 + 23*n**2 + 26*n - 55. Let y(d) = -5*d**3 + 11*d**2 + 13*d - 28. Let s(p) = x*a(p) - 11*y(p). Is s(-16) prime?
False
Let n(i) = 10028*i**2 + 548*i - 1099. Is n(2) composite?
True
Suppose -5*k + 6*k - 4*m - 24 = 0, -4*k + 153 = 3*m. Let d(i) = 12*i**2 + 56*i + 46. Is 